Suppose -5*r = 3*w - 215, 0*r - c*w = r - 50. What is the greatest common factor of r and 10?
10
Let c = 21 + -24. Let k(f) = -2*f**3 - 4*f**2 + 2*f + 6. Let b be k(c). What is the greatest common factor of 162 and b?
18
Let c(b) = -4*b + 24. Let l(a) = a - 5. Let t be (2/(-4))/(1/(-6)). Let h(s) = t*c(s) + 14*l(s). Let f be h(2). Calculate the greatest common factor of f and 3.
3
Let d be 3*((-12)/(-9) + -2). Suppose -24 + 0 = -3*p. Let t be (-124)/p*d - 1. Calculate the highest common divisor of 12 and t.
6
Let k = -89 + 98. Let y(z) = 4*z - 14. Let c be y(k). Suppose 4*m - 206 - 14 = 0. Calculate the highest common divisor of m and c.
11
Let j(w) = 8*w**2 - 3*w - 19. Let b be j(8). What is the highest common divisor of b and 67?
67
Let y = -285 - -160. Let a = -113 - y. What is the highest common divisor of 36 and a?
12
Let z(o) = o**2 - 7*o + 44. Let v be z(6). Let w = 54 - v. What is the greatest common factor of 8 and w?
8
Suppose 0 = -a - 2*a + k - 713, 0 = 5*a - 5*k + 1205. Let g be a/10*(0 + -5). Suppose 338 - g = 5*n. What is the highest common divisor of 4 and n?
4
Let t = 140 + 393. What is the highest common divisor of 41 and t?
41
Suppose 137*y - 55*y = 8364. What is the highest common factor of y and 68?
34
Suppose -3*t + 4*u = -345, 0 = -5*t + 5*u + 190 + 390. Let d be 37 + -32 - (2 + -14). Calculate the greatest common factor of d and t.
17
Let h be 0/(-2)*(-9)/(-36) + -32. Let t be (-34)/85*(h + 2). Suppose 5*z - 2*y = 128, 0 = -2*z + z + 2*y + 32. Calculate the greatest common factor of t and z.
12
Let u be ((-17)/(-2))/((-2)/(3 + -7)). Calculate the greatest common divisor of 34 and u.
17
Let f be (-58)/(-4) + (0 - 4/(-8)). Suppose -f*t = -25*t + 100. Calculate the highest common factor of 110 and t.
10
Let h = -15 - -12. Let z(q) be the second derivative of -13*q**3/2 - 5*q**2/2 + 2*q. Let u be z(h). What is the greatest common factor of u and 14?
14
Suppose 1614 = 54*p - 816. Calculate the greatest common factor of 2115 and p.
45
Let n(t) = t**3 - 2*t**2 + 2*t - 3. Let q be n(2). Let g = 0 - -14. Let u = g + -13. Calculate the greatest common factor of q and u.
1
Let h be (-20)/30 + 26/(-6). Let f be ((-10)/12)/h + 203/6. What is the highest common factor of f and 136?
34
Let u be (4/6)/((4/(-498))/(-1)). Let r = -75 + u. Let l = -36 + 56. Calculate the highest common factor of l and r.
4
Let i be ((-2)/5)/(11 + (-13866)/1260). What is the greatest common factor of i and 12?
12
Suppose 2*h = h + 21. Let k = h + -20. Calculate the highest common divisor of k and 5.
1
Suppose 3*z = 5*z - 80. Suppose -3*i + 0*i + 27 = 3*d, 3*d - 25 = -i. What is the highest common divisor of d and z?
8
Let h be (1 - 3/2)*-2. Let n be ((-8)/12)/((-8)/84). Calculate the highest common divisor of n and h.
1
Let o = -4 + 15. Suppose -4*d + o*d = 98. Calculate the greatest common factor of d and 21.
7
Suppose 3*o = -5*b + 28 + 12, 34 = 3*o + 2*b. Calculate the highest common divisor of 190 and o.
10
Let d(s) = -s**2 - 19*s + 14. Let k be d(-12). Let f = -38 + k. What is the greatest common factor of 30 and f?
30
Suppose -2*u - 3*p + 4783 = 0, 9*p - 7*p = -3*u + 7167. Let d be u/14 + (-2)/(-4). Calculate the greatest common factor of d and 57.
57
Suppose 1470 = 104*d - 99*d. Let t(k) = -k**3 + 8*k**2 - 6*k + 2. Let i be t(4). Calculate the greatest common divisor of d and i.
42
Let n(d) = d**2 - 21*d - 28. Let f be n(24). Let a = f + -29. Let v(r) = 31*r**2 + 2*r + 1. Let o be v(-1). What is the greatest common factor of o and a?
15
Let r = 163 + -118. Calculate the greatest common factor of 81 and r.
9
Suppose 0 = 2*a - 0*a - 50. Calculate the highest common factor of 20 and a.
5
Let x = 432 - 352. Suppose 0 = 2*i - 145 + 29. Suppose -2*r + 48 = 4*s, 0*r + s + i = 3*r. What is the greatest common factor of r and x?
20
Let b(k) = k**2 + 3*k + 27. Let r be b(-13). Let m = r + -117. Calculate the greatest common divisor of 8 and m.
8
Let s(j) = -j**2 - 14*j - 10. Let p be s(-14). Let i = -5 - p. Suppose 2*z + 2*k = 78, -92 = -3*z + 3*k - i. What is the greatest common divisor of 85 and z?
17
Let b(s) = -6*s**2 + 43*s + 9. Let c be b(4). Calculate the highest common factor of c and 34.
17
Suppose -1995*f + 18 = -1993*f. Suppose 3*r = -a + 218, -2*a + 1 + 3 = 0. Calculate the greatest common divisor of r and f.
9
Let b be (-6)/(-2)*(-5 + 6). Let r be 16/b + (-2)/6. Suppose 2*x - 54 = -r*f, f + 54 = 5*f - 2*x. Calculate the greatest common factor of 18 and f.
6
Suppose -3*h - n = -4*n, 4*h - 12 = -2*n. Suppose 4*p - 37 = -5*l + 323, l = -h*p + 72. What is the highest common divisor of 48 and l?
24
Let f = -51 + 50. Let i be 0*6/(-30) + (-10)/f. Calculate the greatest common factor of i and 10.
10
Suppose -q + 19 = -1. Let h(s) = -7*s + 1 + 3*s**3 + 5*s**2 + 9*s**2 - 4*s**3 - 3*s**2. Let c be h(9). What is the greatest common divisor of c and q?
20
Let m(p) = -2*p**3 - 14*p**2 + 2*p + 17. Let s be m(-7). Suppose -y + 6*y + 3*b = 285, 167 = s*y + b. What is the greatest common divisor of y and 18?
18
Let l be (-34 + 35)*(-2)/(-3)*60. Suppose -5*a + 74 + 26 = 0. What is the highest common factor of l and a?
20
Let d = 1 - -11. Suppose 0 = 8*h + 53 + 475. Let r = 70 + h. Calculate the highest common divisor of d and r.
4
Let k(r) = 10*r**2 - 5*r + 4. Let h be k(3). Suppose -3*q = -65 - h. What is the highest common factor of q and 12?
12
Let k(z) = 2*z**3 - 14*z**2 - 17*z + 16. Let r be k(8). Suppose 2*s - m = -0*s + 22, s = -2*m + 16. Calculate the highest common divisor of r and s.
4
Suppose 0*h - 4*h = -64. Suppose 64 + 59 = q. Suppose 0 = 5*n + 3 - q. What is the highest common factor of h and n?
8
Suppose 4*f - 5*k - 186 = 0, -8*f + 212 = -3*f + 4*k. What is the greatest common factor of f and 1100?
44
Let d(i) = i**2 - 10*i - 33. Let z be d(10). Let h = z - -50. What is the greatest common factor of h and 51?
17
Suppose 125 = 2*f - 255. Calculate the greatest common factor of f and 76.
38
Suppose 212*x - 206*x - 1620 = 0. Calculate the greatest common factor of x and 300.
30
Let i be -6*1*6*(-84)/27. Suppose -2*p + 64 = j + j, -3*p + j + i = 0. What is the greatest common factor of 4 and p?
4
Let j = -2251 - -2265. Suppose -5*v + 4*d = 12, -4*v - d + 5*d = 8. Let i(f) = -f**2 - 4*f + 2. Let h be i(v). Calculate the greatest common divisor of h and j.
2
Let k(p) = -5*p - 8. Let b be k(-10). Let v be 2/(b/9 - 4). Suppose -10 - 20 = -v*i. Calculate the greatest common factor of i and 10.
10
Let n(h) = -298*h - 440. Let y be n(-2). What is the greatest common factor of y and 204?
12
Suppose 2*c = -0*c - 244. Let v = 186 + c. Suppose 8*d = -11*d + 152. Calculate the greatest common factor of d and v.
8
Suppose 11 = -5*u + 301. Suppose 5 = -v + 1, -2*r + 192 = -5*v. Suppose 0 = 5*j + 5, -r + 229 = 5*p + 2*j. What is the greatest common factor of u and p?
29
Suppose -18*m + 119 = -133. What is the greatest common divisor of m and 602?
14
Let r = 260 + -250. Calculate the highest common factor of 50 and r.
10
Let w(r) = -4*r + 48. Suppose -9*j + 14*j = 0. Let k be w(j). What is the highest common factor of k and 32?
16
Suppose m - k = -4*m - 7, 2*k = 4*m + 2. Let i be 4 - (m + 0)/(-1). Suppose -i*c - 350 = -7*c. What is the highest common divisor of 28 and c?
14
Let u(i) = 14*i**2. Let y be u(1). Suppose -322*s = -316*s - 336. Calculate the highest common factor of s and y.
14
Let z = 99 - 77. Suppose -2*a = -2 - 152. What is the greatest common factor of a and z?
11
Suppose 4*n = 0, 0 = v + 2*v + n - 93. Let k = v + -29. Let z be 9 - ((-1 - 0) + 2). Calculate the highest common divisor of z and k.
2
Let z = -6 + 19. Let p = z + -8. Suppose 5*u = 2*u - i + 48, 30 = 3*u - p*i. Calculate the greatest common divisor of 15 and u.
15
Let b = 82 + -59. Suppose g + 7 = -3*p - p, 3*p + 5*g = -1. Let o(u) = -7*u**3 - 4*u**2 - 3*u. Let r be o(p). Calculate the greatest common divisor of r and b.
23
Let m be 2/(-9) + 5200/72. Calculate the greatest common divisor of 576 and m.
72
Suppose 12 = -4*k, -2*v + 2*k + 16 = -2*k. Suppose -z + 50 = -v*o, 2*o - 109 = -2*z + 3*o. Calculate the greatest common divisor of 140 and z.
28
Let k = 14 + -18. Let t be 2/(-5)*20/k. Let o be (-3 - -4)/(t/90). What is the highest common divisor of o and 18?
9
Let l be (-1)/(-4) - 117/(